{"id":677,"date":"2025-07-25T16:14:10","date_gmt":"2025-07-25T14:14:10","guid":{"rendered":"https:\/\/asso-apsh.fr\/?page_id=677"},"modified":"2025-10-08T23:14:40","modified_gmt":"2025-10-08T21:14:40","slug":"documents","status":"publish","type":"page","link":"https:\/\/asso-apsh.fr\/index.php\/documents\/","title":{"rendered":"Documents"},"content":{"rendered":"\t\t<div data-elementor-type=\"wp-page\" data-elementor-id=\"677\" class=\"elementor elementor-677\">\n\t\t\t\t<div class=\"elementor-element elementor-element-20d26566 e-flex e-con-boxed e-con e-parent\" data-id=\"20d26566\" data-element_type=\"container\" data-e-type=\"container\">\n\t\t\t\t\t<div class=\"e-con-inner\">\n\t\t\t\t<div class=\"elementor-element elementor-element-7b80480c elementor-widget elementor-widget-text-editor\" data-id=\"7b80480c\" data-element_type=\"widget\" data-e-type=\"widget\" data-widget_type=\"text-editor.default\">\n\t\t\t\t<div class=\"elementor-widget-container\">\n\t\t\t\t\t\t\t\t\t<p>\u00c0 compter du [5\/08\/2025], [l&rsquo;association APSH] et [la cit\u00e9 des m\u00e9tiers] ont mis fin \u00e0 leur collaboration conventionnelle. Conform\u00e9ment aux accords conclus, et suite \u00e0 la mise en demeure de [la cit\u00e9 des m\u00e9tiers] le logo de [la cit\u00e9 des m\u00e9tiers] a \u00e9t\u00e9 retir\u00e9 de notre site.Nous remercions [La cit\u00e9 des m\u00e9tiers] pour la collaboration pass\u00e9e et lui souhaitons plein succ\u00e8s dans ses projets futurs.<\/p>\n\n<div data-wp-interactive=\"core\/file\" class=\"wp-block-file\"><object data-wp-bind--hidden=\"!state.hasPdfPreview\" hidden class=\"wp-block-file__embed\" style=\"width: 100%; height: 600px;\" data=\"https:\/\/asso-apsh.fr\/wp-content\/uploads\/2025\/10\/petit-repere-numero-95-asso-apsh-1.pdf\" type=\"application\/pdf\" width=\"300\" height=\"150\" aria-label=\"Contenu embarqu\u00e9 JOAFE_PDF_Unitaire_20240051_00233.\"><\/object><a id=\"wp-block-file--media-f5c27a32-b7b7-4280-b4b0-ef0efc24c853\" href=\"https:\/\/asso-apsh.fr\/wp-content\/uploads\/2025\/10\/petit-repere-numero-95-asso-apsh-1.pdf\">Le petit rep\u00e8re 2025 ASSO-APSH<\/a><a class=\"wp-block-file__button wp-element-button\" href=\"https:\/\/asso-apsh.fr\/wp-content\/uploads\/2025\/10\/petit-repere-numero-95-asso-apsh-1.pdf\" download=\"\" aria-describedby=\"wp-block-file--media-f5c27a32-b7b7-4280-b4b0-ef0efc24c853\">T\u00e9l\u00e9charger<\/a><\/div>\n\n\n\n<div data-wp-interactive=\"core\/file\" class=\"wp-block-file\"><object data-wp-bind--hidden=\"!state.hasPdfPreview\" hidden class=\"wp-block-file__embed\" style=\"width: 100%; height: 600px;\" data=\"https:\/\/asso-apsh.fr\/wp-content\/uploads\/2025\/07\/JOAFE_PDF_Unitaire_20240051_00233.pdf\" type=\"application\/pdf\" width=\"300\" height=\"150\" aria-label=\"Contenu embarqu\u00e9 JOAFE_PDF_Unitaire_20240051_00233.\"><\/object><a id=\"wp-block-file--media-f5c27a32-b7b7-4280-b4b0-ef0efc24c853\" href=\"https:\/\/asso-apsh.fr\/wp-content\/uploads\/2025\/07\/JOAFE_PDF_Unitaire_20240051_00233.pdf\">JOAFE_PDF_Unitaire_20240051_00233<\/a><a class=\"wp-block-file__button wp-element-button\" href=\"https:\/\/asso-apsh.fr\/wp-content\/uploads\/2025\/07\/JOAFE_PDF_Unitaire_20240051_00233.pdf\" download=\"\" aria-describedby=\"wp-block-file--media-f5c27a32-b7b7-4280-b4b0-ef0efc24c853\">T\u00e9l\u00e9charger<\/a><\/div>\n\n\n\n<div data-wp-interactive=\"core\/file\" class=\"wp-block-file\"><object data-wp-bind--hidden=\"!state.hasPdfPreview\" hidden class=\"wp-block-file__embed\" style=\"width: 100%; height: 600px;\" data=\"https:\/\/asso-apsh.fr\/wp-content\/uploads\/2025\/09\/charte_de_deontologie.pdf\" type=\"application\/pdf\" width=\"300\" height=\"150\" aria-label=\"Contenu embarqu\u00e9 charte de d\u00e9ontologie.\"><\/object><a id=\"wp-block-file--media-f5c27a32-b7b7-4280-b4b0-ef0efc24c853\" href=\"https:\/\/asso-apsh.fr\/wp-content\/uploads\/2025\/09\/charte_de_deontologie.pdf\">charte de deontologie<\/a><a class=\"wp-block-file__button wp-element-button\" href=\"https:\/\/asso-apsh.fr\/wp-content\/uploads\/2025\/07\/JOAFE_PDF_Unitaire_20240051_00233.pdf\" download=\"\" aria-describedby=\"wp-block-file--media-f5c27a32-b7b7-4280-b4b0-ef0efc24c853\">T\u00e9l\u00e9charger<\/a><\/div>\n\n\n\n<div data-wp-interactive=\"core\/file\" class=\"wp-block-file\"><object data-wp-bind--hidden=\"!state.hasPdfPreview\" hidden class=\"wp-block-file__embed\" style=\"width: 100%; height: 600px;\" data=\"https:\/\/asso-apsh.fr\/wp-content\/uploads\/2025\/09\/convention-de-benevolat.pdf\" type=\"application\/pdf\" width=\"300\" height=\"150\" aria-label=\"Contenu embarqu\u00e9 convention de be\u0301ne\u0301volat.\"><\/object><a id=\"wp-block-file--media-2e35678c-5025-4529-b058-63d9f3062309\" href=\"https:\/\/asso-apsh.fr\/wp-content\/uploads\/2025\/09\/convention-de-benevolat.pdf\">convention de be\u0301ne\u0301volat<\/a><a class=\"wp-block-file__button wp-element-button\" href=\"https:\/\/asso-apsh.fr\/wp-content\/uploads\/2025\/09\/convention-de-benevolat.pdf\" download=\"\" aria-describedby=\"wp-block-file--media-2e35678c-5025-4529-b058-63d9f3062309\">T\u00e9l\u00e9charger<\/a><\/div>\n\n\n\n<div data-wp-interactive=\"core\/file\" class=\"wp-block-file\"><object data-wp-bind--hidden=\"!state.hasPdfPreview\" hidden class=\"wp-block-file__embed\" style=\"width: 100%; height: 600px;\" data=\"https:\/\/asso-apsh.fr\/wp-content\/uploads\/2025\/09\/reglement_interieur.pdf\" type=\"application\/pdf\" width=\"300\" height=\"150\" aria-label=\"Contenu embarqu\u00e9 reglement_interieur.\"><\/object><a id=\"wp-block-file--media-e8cd4763-ff44-4f5c-ab4a-7c9824b2b361\" href=\"https:\/\/asso-apsh.fr\/wp-content\/uploads\/2025\/09\/reglement_interieur.pdf\">reglement_interieur<\/a><a class=\"wp-block-file__button wp-element-button\" href=\"https:\/\/asso-apsh.fr\/wp-content\/uploads\/2025\/09\/reglement_interieur.pdf\" download=\"\" aria-describedby=\"wp-block-file--media-e8cd4763-ff44-4f5c-ab4a-7c9824b2b361\">T\u00e9l\u00e9charger<\/a><\/div>\n\n\n\n<div data-wp-interactive=\"core\/file\" class=\"wp-block-file\"><object data-wp-bind--hidden=\"!state.hasPdfPreview\" hidden class=\"wp-block-file__embed\" style=\"width: 100%; height: 600px;\" data=\"https:\/\/asso-apsh.fr\/wp-content\/uploads\/2025\/09\/charte_de_confidentialite.pdf\" type=\"application\/pdf\" width=\"300\" height=\"150\" aria-label=\"Contenu embarqu\u00e9 charte_de_confidentialite.\"><\/object><a id=\"wp-block-file--media-3b153500-1b87-4ef9-b30c-5c82a8a1d61c\" href=\"https:\/\/asso-apsh.fr\/wp-content\/uploads\/2025\/09\/charte_de_confidentialite.pdf\">charte_de_confidentialite<\/a><a class=\"wp-block-file__button wp-element-button\" href=\"https:\/\/asso-apsh.fr\/wp-content\/uploads\/2025\/09\/charte_de_confidentialite.pdf\" download=\"\" aria-describedby=\"wp-block-file--media-3b153500-1b87-4ef9-b30c-5c82a8a1d61c\">T\u00e9l\u00e9charger<\/a><\/div>\n\n\n\n<div data-wp-interactive=\"core\/file\" class=\"wp-block-file\"><object data-wp-bind--hidden=\"!state.hasPdfPreview\" hidden class=\"wp-block-file__embed\" style=\"width: 100%; height: 600px;\" data=\"https:\/\/asso-apsh.fr\/wp-content\/uploads\/2025\/09\/statuts.pdf\" type=\"application\/pdf\" width=\"300\" height=\"150\" aria-label=\"Contenu embarqu\u00e9 statuts.\"><\/object><a id=\"wp-block-file--media-3092e9f6-2246-4376-9e6b-ac6f267cb35d\" href=\"https:\/\/asso-apsh.fr\/wp-content\/uploads\/2025\/09\/statuts.pdf\">statuts<\/a><a class=\"wp-block-file__button wp-element-button\" href=\"https:\/\/asso-apsh.fr\/wp-content\/uploads\/2025\/09\/statuts.pdf\" download=\"\" aria-describedby=\"wp-block-file--media-3092e9f6-2246-4376-9e6b-ac6f267cb35d\">T\u00e9l\u00e9charger<\/a><\/div>\n\t\t\t\t\t\t\t\t<\/div>\n\t\t\t\t<\/div>\n\t\t\t\t\t<\/div>\n\t\t\t\t<\/div>\n\t\t<div class=\"elementor-element elementor-element-74340ed e-flex e-con-boxed e-con e-parent\" data-id=\"74340ed\" data-element_type=\"container\" data-e-type=\"container\">\n\t\t\t\t\t<div class=\"e-con-inner\">\n\t\t\t\t\t<\/div>\n\t\t\t\t<\/div>\n\t\t<div class=\"elementor-element elementor-element-4707f3f e-flex e-con-boxed e-con e-parent\" data-id=\"4707f3f\" data-element_type=\"container\" data-e-type=\"container\">\n\t\t\t\t\t<div class=\"e-con-inner\">\n\t\t\t\t\t<\/div>\n\t\t\t\t<\/div>\n\t\t\t\t<\/div>\n\t\t","protected":false},"excerpt":{"rendered":"<p class=\"qua-blog-post-description\">\u00c0 compter du [5\/08\/2025], [l&rsquo;association APSH] et [la cit\u00e9 des m\u00e9tiers] ont mis fin \u00e0 leur collaboration conventionnelle. Conform\u00e9ment aux accords conclus, et suite \u00e0 la mise en demeure de [la cit\u00e9 des m\u00e9tiers] le logo de [la cit\u00e9 des m\u00e9tiers] a \u00e9t\u00e9 retir\u00e9 de notre site.Nous remercions [La cit\u00e9 des m\u00e9tiers] pour la collaboration<\/p>\n<p class=\"qua-blog-post-description\"><a href=\"https:\/\/asso-apsh.fr\/index.php\/documents\/#more-677\" class=\"more-link\">Lire la suite<\/a><\/p>\n","protected":false},"author":5,"featured_media":0,"parent":0,"menu_order":0,"comment_status":"closed","ping_status":"closed","template":"","meta":{"_seopress_robots_primary_cat":"","_seopress_titles_title":"","_seopress_titles_desc":"","_seopress_robots_index":"","footnotes":""},"class_list":["post-677","page","type-page","status-publish","hentry"],"_links":{"self":[{"href":"https:\/\/asso-apsh.fr\/index.php\/wp-json\/wp\/v2\/pages\/677","targetHints":{"allow":["GET"]}}],"collection":[{"href":"https:\/\/asso-apsh.fr\/index.php\/wp-json\/wp\/v2\/pages"}],"about":[{"href":"https:\/\/asso-apsh.fr\/index.php\/wp-json\/wp\/v2\/types\/page"}],"author":[{"embeddable":true,"href":"https:\/\/asso-apsh.fr\/index.php\/wp-json\/wp\/v2\/users\/5"}],"replies":[{"embeddable":true,"href":"https:\/\/asso-apsh.fr\/index.php\/wp-json\/wp\/v2\/comments?post=677"}],"version-history":[{"count":33,"href":"https:\/\/asso-apsh.fr\/index.php\/wp-json\/wp\/v2\/pages\/677\/revisions"}],"predecessor-version":[{"id":780,"href":"https:\/\/asso-apsh.fr\/index.php\/wp-json\/wp\/v2\/pages\/677\/revisions\/780"}],"wp:attachment":[{"href":"https:\/\/asso-apsh.fr\/index.php\/wp-json\/wp\/v2\/media?parent=677"}],"curies":[{"name":"wp","href":"https:\/\/api.w.org\/{rel}","templated":true}]}}